digit of 755896222?
2
What is the units digit of 122490463?
3
What is the thousands digit of 197981693?
1
What is the millions digit of 153930839?
3
What is the thousands digit of 6494416?
4
What is the hundred thousands digit of 1911416044?
4
What is the ten thousands digit of 53794588?
9
What is the millions digit of 2741621763?
1
What is the thousands digit of 40681270?
1
What is the hundreds digit of 132715391?
3
What is the ten thousands digit of 1756807234?
0
What is the millions digit of 2367083405?
7
What is the hundreds digit of 9708939?
9
What is the ten thousands digit of 145958180?
5
What is the hundred millions digit of 4856823045?
8
What is the ten thousands digit of 58880666?
8
What is the millions digit of 92919744?
2
What is the millions digit of 5877643544?
7
What is the billions digit of 7145476156?
7
What is the hundred thousands digit of 25664414?
6
What is the units digit of 2472748882?
2
What is the units digit of 403632587?
7
What is the hundred thousands digit of 93169565?
1
What is the ten millions digit of 114669506?
1
What is the thousands digit of 216757789?
7
What is the ten thousands digit of 85519205?
1
What is the billions digit of 4179825677?
4
What is the ten thousands digit of 197503817?
0
What is the ten millions digit of 536638643?
3
What is the thousands digit of 305307580?
7
What is the tens digit of 616431087?
8
What is the units digit of 158487698?
8
What is the thousands digit of 2671717758?
7
What is the units digit of 275087792?
2
What is the thousands digit of 621607518?
7
What is the units digit of 147559070?
0
What is the thousands digit of 2758830347?
0
What is the hundreds digit of 5461612?
6
What is the tens digit of 132027450?
5
What is the hundred thousands digit of 1470844063?
8
What is the hundred thousands digit of 129116907?
1
What is the tens digit of 509521921?
2
What is the thousands digit of 50560288?
0
What is the ten millions digit of 617391843?
1
What is the hundred thousands digit of 661684661?
6
What is the thousands digit of 925284931?
4
What is the thousands digit of 6172140?
2
What is the units digit of 596098451?
1
What is the ten millions digit of 50742692?
5
What is the tens digit of 1348480357?
5
What is the ten millions digit of 25040450?
2
What is the tens digit of 1798295815?
1
What is the thousands digit of 4314212?
4
What is the ten thousands digit of 721557584?
5
What is the hundred thousands digit of 903460556?
4
What is the millions digit of 7378044?
7
What is the thousands digit of 11691345?
1
What is the hundreds digit of 147293338?
3
What is the hundred millions digit of 5862557828?
8
What is the hundreds digit of 503000488?
4
What is the hundred millions digit of 1661403470?
6
What is the ten thousands digit of 19789277?
8
What is the millions digit of 63337409?
3
What is the hundred millions digit of 1298119383?
2
What is the hundreds digit of 1003937552?
5
What is the units digit of 713346679?
9
What is the hundred millions digit of 909842449?
9
What is the hundred millions digit of 1246073924?
2
What is the millions digit of 496549703?
6
What is the thousands digit of 316327149?
7
What is the units digit of 174027187?
7
What is the tens digit of 36565409?
0
What is the units digit of 2979680446?
6
What is the hundreds digit of 857520207?
2
What is the hundreds digit of 169680062?
0
What is the tens digit of 1592348202?
0
What is the tens digit of 121562771?
7
What is the ten millions digit of 3418950263?
1
What is the hundreds digit of 175777130?
1
What is the billions digit of 2094580879?
2
What is the tens digit of 85136485?
8
What is the thousands digit of 720761970?
1
What is the tens digit of 614958995?
9
What is the hundred thousands digit of 84320627?
3
What is the tens digit of 1767199353?
5
What is the tens digit of 541531887?
8
What is the tens digit of 585583640?
4
What is the hundred millions digit of 318605609?
3
What is the hundred thousands digit of 27661259?
6
What is the hundreds digit of 977281752?
7
What is the tens digit of 52946825?
2
What is the hundred millions digit of 1012278408?
0
What is the hundred millions digit of 1559370339?
5
What is the ten thousands digit of 95809044?
0
What is the tens digit of 62739011?
1
What is the millions digit of 1178423042?
8
What is the millions digit of 2590193037?
0
What is the units digit of 79736019?
9
What is the thousands digit of 55703827?
3
What is the hundred thousands digit of 76027377?
0
What is the ten millions digit of 335474019?
3
What is the ten thousands digit of 113750192?
5
What is the thousands digit of 213914111?
4
What is the tens digit of 2475899356?
5
What is the hundred millions digit of 1413806951?
4
What is the tens digit of 1772835872?
7
What is the hundred thousands digit of 347529910?
5
What is the ten millions digit of 206951467?
0
What is the billions digit of 1034799699?
1
What is the millions digit of 4063394076?
3
What is the ten thousands digit of 167716165?
1
What is the millions digit of 1896704823?
6
What is the hundred thousands digit of 202583676?
5
What is the thousands digit of 189893108?
3
What is the units digit of 1904260048?
8
What is the hundred millions digit of 2414724649?
4
What is the hundred thousands digit of 733253694?
2
What is the units digit of 194724819?
9
What is the tens digit of 383300986?
8
What is the billions digit of 4261032399?
4
What is the ten thousands digit of 21272484?
7
What is the units digit of 92730630?
0
What is the units digit of 6781102476?
6
What is the millions digit of 242108567?
2
What is the tens digit of 8803160?
6
What is the billions digit of 1899035454?
1
What is the hundreds digit of 88022503?
5
What is the units digit of 474401?
1
What is the ten millions digit of 79544466?
7
What is the hundreds digit of 36722193?
1
What is the millions digit of 11393051?
1
What is the hundred thousands digit of 372294730?
2
What is the tens digit of 69413205?
0
What is the thousands digit of 93488903?
8
What is the ten thousands digit of 2295713756?
1
What is the thousands digit of 29354117?
4
What is the thousands digit of 35713649?
3
What is the ten millions digit of 283844967?
8
What is the tens digit of 74896069?
6
What is the tens digit of 1322771325?
2
What is the hundred millions digit of 274451628?
2
What is the hundreds digit of 596464515?
5
What is the hundred millions digit of 3012112739?
0
What is the hundred millions digit of 627699589?
6
What is the ten thousands digit of 25779827?
7
What is the thousands digit of 53676503?
6
What is the hundred thousands digit of 290835481?
8
What is the hundred thousands digit of 324419013?
4
What is the ten thousands digit of 123571519?
7
What is the ten thousands digit of 92940122?
4
What is the ten thousands digit of 1614476316?
7
What is the millions digit of 39083641?
9
What is the ten millions digit of 576403433?
7
What is the units digit of 22286845?
5
What is the ten thousands digit of 171989266?
8
What is the ten millions digit of 60361918?
6
What is the hundreds digit of 52063826?
8
What is the hundred millions digit of 163811466?
1
What is the ten millions digit of 1649051801?
4
What is the hundred millions digit of 145869327?
1
What is the millions digit of 1654136065?
4
What is the tens digit of 51912349?
4
What is the ten thousands digit of 94502088?
0
What is the hundreds digit of 69172562?
5
What is the hundred thousands digit of 757195850?
1
What is the ten millions digit of 1868365321?
6
What is the ten millions digit of 144979570?
4
What is the hundreds digit of 2011239766?
7
What is the ten millions digit of 384953468?
8
What is the hundreds digit of 35192651?
6
What is the thousands digit of 9285938?
5
What is the tens digit of 2602038?
3
What is the units digit of 148204659?
9
What is the hundred thousands digit of 39521411?
5
What is the hundreds digit of 243709377?
3
What is the ten thousands digit of 263610782?
1
What is the thousands digit of 1812514450?
4
What is the units digit of 651849260?
0
What is the tens digit of 7586250237?
3
What is the ten thousands digit of 102773771?
7
What is the ten millions digit of 1184608492?
8
What is the hundreds digit of 4266540?
5
What is the hundred thousands digit of 342862641?
8
What is the millions digit